{"id":114,"date":"2019-04-08T16:55:49","date_gmt":"2019-04-08T19:55:49","guid":{"rendered":"http:\/\/amoblarargentina.com.ar\/?page_id=114"},"modified":"2019-04-09T15:59:15","modified_gmt":"2019-04-09T18:59:15","slug":"materiales","status":"publish","type":"page","link":"https:\/\/amoblarargentina.com.ar\/index.php\/materiales\/","title":{"rendered":"Materiales"},"content":{"rendered":"\t\t<div data-elementor-type=\"wp-post\" data-elementor-id=\"114\" class=\"elementor elementor-114\">\n\t\t\t\t\t\t<section class=\"elementor-section elementor-top-section elementor-element elementor-element-c29b836 elementor-section-height-full elementor-section-boxed elementor-section-height-default elementor-section-items-middle\" data-id=\"c29b836\" data-element_type=\"section\" data-settings=\"{&quot;background_background&quot;:&quot;classic&quot;}\">\n\t\t\t\t\t\t\t<div class=\"elementor-background-overlay\"><\/div>\n\t\t\t\t\t\t\t<div class=\"elementor-container elementor-column-gap-default\">\n\t\t\t\t\t<div class=\"elementor-column elementor-col-100 elementor-top-column elementor-element elementor-element-e65d534\" data-id=\"e65d534\" data-element_type=\"column\">\n\t\t\t<div class=\"elementor-widget-wrap elementor-element-populated\">\n\t\t\t\t\t\t<div class=\"elementor-element elementor-element-3199be2 elementor-widget elementor-widget-heading\" data-id=\"3199be2\" data-element_type=\"widget\" data-widget_type=\"heading.default\">\n\t\t\t\t<div class=\"elementor-widget-container\">\n\t\t\t<h5 class=\"elementor-heading-title elementor-size-medium\">- COLORES Y TEXTURAS -<\/h5>\t\t<\/div>\n\t\t\t\t<\/div>\n\t\t\t\t<div class=\"elementor-element elementor-element-85d734a elementor-widget elementor-widget-heading\" data-id=\"85d734a\" data-element_type=\"widget\" data-widget_type=\"heading.default\">\n\t\t\t\t<div class=\"elementor-widget-container\">\n\t\t\t<h2 class=\"elementor-heading-title elementor-size-large\">Variedad en materiales<\/h2>\t\t<\/div>\n\t\t\t\t<\/div>\n\t\t\t\t<div class=\"elementor-element elementor-element-36cba64 elementor-widget-divider--view-line elementor-widget elementor-widget-divider\" data-id=\"36cba64\" data-element_type=\"widget\" data-widget_type=\"divider.default\">\n\t\t\t\t<div class=\"elementor-widget-container\">\n\t\t\t\t\t<div class=\"elementor-divider\">\n\t\t\t<span class=\"elementor-divider-separator\">\n\t\t\t\t\t\t<\/span>\n\t\t<\/div>\n\t\t\t\t<\/div>\n\t\t\t\t<\/div>\n\t\t\t\t<section class=\"elementor-section elementor-inner-section elementor-element elementor-element-b903b8d elementor-section-boxed elementor-section-height-default elementor-section-height-default\" data-id=\"b903b8d\" data-element_type=\"section\" data-settings=\"{&quot;background_background&quot;:&quot;classic&quot;}\">\n\t\t\t\t\t\t<div class=\"elementor-container elementor-column-gap-default\">\n\t\t\t\t\t<div class=\"elementor-column elementor-col-50 elementor-inner-column elementor-element elementor-element-1e30c7a\" data-id=\"1e30c7a\" data-element_type=\"column\">\n\t\t\t<div class=\"elementor-widget-wrap elementor-element-populated\">\n\t\t\t\t\t\t<div class=\"elementor-element elementor-element-de6a9d0 elementor-widget elementor-widget-heading\" data-id=\"de6a9d0\" data-element_type=\"widget\" data-widget_type=\"heading.default\">\n\t\t\t\t<div class=\"elementor-widget-container\">\n\t\t\t<h4 class=\"elementor-heading-title elementor-size-medium\">Material principal<\/h4>\t\t<\/div>\n\t\t\t\t<\/div>\n\t\t\t\t<div class=\"elementor-element elementor-element-5fe3241 elementor-widget elementor-widget-text-editor\" data-id=\"5fe3241\" data-element_type=\"widget\" data-widget_type=\"text-editor.default\">\n\t\t\t\t<div class=\"elementor-widget-container\">\n\t\t\t\t\t\t\t<p>Nuestro material principal es el laminado compacto y cuando se requiere hacemos laqueados.<\/p><p>La variedad de colores y texturas responder\u00e1 a la idea del cliente.<\/p><p>Desde texturas de madera, colores lisos cl\u00e1sicos y saturados hasta texturas textiles, con tonalidades exquisitas que siempre nos brindan una propuesta agradable a la vista y al tacto.<\/p><p>Debido a sus caracter\u00edsticas, y especialmente a su resistencia, el laminado compacto se adapta perfectamente al juego de la creaci\u00f3n. Vuelva a considerar su mobiliario como un objeto de dise\u00f1o.<\/p>\t\t\t\t\t\t<\/div>\n\t\t\t\t<\/div>\n\t\t\t\t\t<\/div>\n\t\t<\/div>\n\t\t\t\t<div class=\"elementor-column elementor-col-50 elementor-inner-column elementor-element elementor-element-2508330\" data-id=\"2508330\" data-element_type=\"column\">\n\t\t\t<div class=\"elementor-widget-wrap elementor-element-populated\">\n\t\t\t\t\t\t<div class=\"elementor-element elementor-element-ea43b2d elementor-widget elementor-widget-spacer\" data-id=\"ea43b2d\" data-element_type=\"widget\" data-widget_type=\"spacer.default\">\n\t\t\t\t<div class=\"elementor-widget-container\">\n\t\t\t\t\t<div class=\"elementor-spacer\">\n\t\t\t<div class=\"elementor-spacer-inner\"><\/div>\n\t\t<\/div>\n\t\t\t\t<\/div>\n\t\t\t\t<\/div>\n\t\t\t\t<div class=\"elementor-element elementor-element-b745e9e elementor-widget elementor-widget-text-editor\" data-id=\"b745e9e\" data-element_type=\"widget\" data-widget_type=\"text-editor.default\">\n\t\t\t\t<div class=\"elementor-widget-container\">\n\t\t\t\t\t\t\t<p>Unicolores, maderas o materiales, los dise\u00f1os del laminado compacto existen igualmente en tablero melaminizado, tablero alveolar, laminado est\u00e1ndar y cantos, lo que constituye una interesante oferta que permite combinar limitaciones t\u00e9cnicas y econ\u00f3micas sin comprometer armon\u00edas ni dise\u00f1os.<\/p><p>El laminado compacto es higi\u00e9nico y resistente a los productos qu\u00edmicos de uso corriente, de f\u00e1cil mantenimiento. Los cantos y la superficie no necesitan ning\u00fan tratamiento en especial. El material homog\u00e9neo y mecanizable.<\/p>\t\t\t\t\t\t<\/div>\n\t\t\t\t<\/div>\n\t\t\t\t\t<\/div>\n\t\t<\/div>\n\t\t\t\t\t<\/div>\n\t\t<\/section>\n\t\t\t\t<div class=\"elementor-element elementor-element-72d9b3a elementor-widget-divider--view-line elementor-widget elementor-widget-divider\" data-id=\"72d9b3a\" data-element_type=\"widget\" data-widget_type=\"divider.default\">\n\t\t\t\t<div class=\"elementor-widget-container\">\n\t\t\t\t\t<div class=\"elementor-divider\">\n\t\t\t<span class=\"elementor-divider-separator\">\n\t\t\t\t\t\t<\/span>\n\t\t<\/div>\n\t\t\t\t<\/div>\n\t\t\t\t<\/div>\n\t\t\t\t\t<\/div>\n\t\t<\/div>\n\t\t\t\t\t<\/div>\n\t\t<\/section>\n\t\t\t\t<section class=\"elementor-section elementor-top-section elementor-element elementor-element-d625890 elementor-section-boxed elementor-section-height-default elementor-section-height-default\" data-id=\"d625890\" data-element_type=\"section\" data-settings=\"{&quot;background_background&quot;:&quot;classic&quot;}\">\n\t\t\t\t\t\t<div class=\"elementor-container elementor-column-gap-default\">\n\t\t\t\t\t<div class=\"elementor-column elementor-col-50 elementor-top-column elementor-element elementor-element-f7293cd\" data-id=\"f7293cd\" data-element_type=\"column\">\n\t\t\t<div class=\"elementor-widget-wrap elementor-element-populated\">\n\t\t\t\t\t\t<div class=\"elementor-element elementor-element-fd9eb4e elementor-widget elementor-widget-spacer\" data-id=\"fd9eb4e\" data-element_type=\"widget\" data-widget_type=\"spacer.default\">\n\t\t\t\t<div class=\"elementor-widget-container\">\n\t\t\t\t\t<div class=\"elementor-spacer\">\n\t\t\t<div class=\"elementor-spacer-inner\"><\/div>\n\t\t<\/div>\n\t\t\t\t<\/div>\n\t\t\t\t<\/div>\n\t\t\t\t<div class=\"elementor-element elementor-element-f397b3f elementor-widget elementor-widget-heading\" data-id=\"f397b3f\" data-element_type=\"widget\" data-widget_type=\"heading.default\">\n\t\t\t\t<div class=\"elementor-widget-container\">\n\t\t\t<h4 class=\"elementor-heading-title elementor-size-medium\">Herrajes y perfiler\u00edas<\/h4>\t\t<\/div>\n\t\t\t\t<\/div>\n\t\t\t\t<div class=\"elementor-element elementor-element-1469871 elementor-widget elementor-widget-text-editor\" data-id=\"1469871\" data-element_type=\"widget\" data-widget_type=\"text-editor.default\">\n\t\t\t\t<div class=\"elementor-widget-container\">\n\t\t\t\t\t\t\t<p>Los herrajes y perfiler\u00eda que trabajamos son de aluminio anodizado.<\/p><p>El anodizado de aluminio es un tratamiento de superficie electrol\u00edtica que produce una capa superficial protectora.<\/p>\t\t\t\t\t\t<\/div>\n\t\t\t\t<\/div>\n\t\t\t\t<div class=\"elementor-element elementor-element-fd84643 elementor-widget elementor-widget-spacer\" data-id=\"fd84643\" data-element_type=\"widget\" data-widget_type=\"spacer.default\">\n\t\t\t\t<div class=\"elementor-widget-container\">\n\t\t\t\t\t<div class=\"elementor-spacer\">\n\t\t\t<div class=\"elementor-spacer-inner\"><\/div>\n\t\t<\/div>\n\t\t\t\t<\/div>\n\t\t\t\t<\/div>\n\t\t\t\t\t<\/div>\n\t\t<\/div>\n\t\t\t\t<div class=\"elementor-column elementor-col-50 elementor-top-column elementor-element elementor-element-a03ff8e\" data-id=\"a03ff8e\" data-element_type=\"column\">\n\t\t\t<div class=\"elementor-widget-wrap\">\n\t\t\t\t\t\t\t<\/div>\n\t\t<\/div>\n\t\t\t\t\t<\/div>\n\t\t<\/section>\n\t\t\t\t<section class=\"elementor-section elementor-top-section elementor-element elementor-element-024e95b elementor-section-height-full elementor-section-boxed elementor-section-height-default elementor-section-items-middle\" data-id=\"024e95b\" data-element_type=\"section\" data-settings=\"{&quot;background_background&quot;:&quot;video&quot;}\">\n\t\t\t\t\t\t\t<div class=\"elementor-background-overlay\"><\/div>\n\t\t\t\t\t\t\t<div class=\"elementor-container elementor-column-gap-default\">\n\t\t\t\t\t<div class=\"elementor-column elementor-col-100 elementor-top-column elementor-element elementor-element-103c922\" data-id=\"103c922\" data-element_type=\"column\">\n\t\t\t<div class=\"elementor-widget-wrap elementor-element-populated\">\n\t\t\t\t\t\t<div class=\"elementor-element elementor-element-3b16805 elementor-widget elementor-widget-heading\" data-id=\"3b16805\" data-element_type=\"widget\" data-widget_type=\"heading.default\">\n\t\t\t\t<div class=\"elementor-widget-container\">\n\t\t\t<h1 class=\"elementor-heading-title elementor-size-large\">Mesadas<\/h1>\t\t<\/div>\n\t\t\t\t<\/div>\n\t\t\t\t<section class=\"elementor-section elementor-inner-section elementor-element elementor-element-8deb7a6 elementor-section-boxed elementor-section-height-default elementor-section-height-default\" data-id=\"8deb7a6\" data-element_type=\"section\" data-settings=\"{&quot;background_background&quot;:&quot;classic&quot;}\">\n\t\t\t\t\t\t<div class=\"elementor-container elementor-column-gap-default\">\n\t\t\t\t\t<div class=\"elementor-column elementor-col-33 elementor-inner-column elementor-element elementor-element-40e9ae1\" data-id=\"40e9ae1\" data-element_type=\"column\">\n\t\t\t<div class=\"elementor-widget-wrap elementor-element-populated\">\n\t\t\t\t\t\t<div class=\"elementor-element elementor-element-c720089 elementor-widget elementor-widget-heading\" data-id=\"c720089\" data-element_type=\"widget\" data-widget_type=\"heading.default\">\n\t\t\t\t<div class=\"elementor-widget-container\">\n\t\t\t<h4 class=\"elementor-heading-title elementor-size-medium\">M\u00e1rmol y granito<\/h4>\t\t<\/div>\n\t\t\t\t<\/div>\n\t\t\t\t<div class=\"elementor-element elementor-element-f0d2587 elementor-widget elementor-widget-text-editor\" data-id=\"f0d2587\" data-element_type=\"widget\" data-widget_type=\"text-editor.default\">\n\t\t\t\t<div class=\"elementor-widget-container\">\n\t\t\t\t\t\t\t<p><span style=\"background-color: initial;\">Los dos materiales, m\u00e1rmol y granito, son ampliamente utilizados en arquitectura y decoraci\u00f3n y tienen diferentes tonalidades que se pueden elegir.<\/span><\/p><p>El m\u00e1rmol es una roca compacta, de textura cristalina blanca o con vetas de distintos colores que se emplea como material noble.<\/p><p>El granito es una piedra muy dura, resistente hecha de minerales cristalizados.\u00a0<\/p><div>\u00a0<\/div>\t\t\t\t\t\t<\/div>\n\t\t\t\t<\/div>\n\t\t\t\t\t<\/div>\n\t\t<\/div>\n\t\t\t\t<div class=\"elementor-column elementor-col-33 elementor-inner-column elementor-element elementor-element-d16a8d8\" data-id=\"d16a8d8\" data-element_type=\"column\">\n\t\t\t<div class=\"elementor-widget-wrap elementor-element-populated\">\n\t\t\t\t\t\t<div class=\"elementor-element elementor-element-c428d97 elementor-widget elementor-widget-heading\" data-id=\"c428d97\" data-element_type=\"widget\" data-widget_type=\"heading.default\">\n\t\t\t\t<div class=\"elementor-widget-container\">\n\t\t\t<h4 class=\"elementor-heading-title elementor-size-medium\">Marmolina sint\u00e9tica<\/h4>\t\t<\/div>\n\t\t\t\t<\/div>\n\t\t\t\t<div class=\"elementor-element elementor-element-5f96549 elementor-widget elementor-widget-text-editor\" data-id=\"5f96549\" data-element_type=\"widget\" data-widget_type=\"text-editor.default\">\n\t\t\t\t<div class=\"elementor-widget-container\">\n\t\t\t\t\t\t\t<p>Los trabajos con resinas evolucionaron en los \u00faltimos tiempos de una manera vertiginosa, consiguiendo materiales diversos que logran combinar elegancia, dureza y robustez. Adem\u00e1s, aportan un aire de modernidad y versatilidad que es posible encontrar en un solo producto.<\/p>\n<p>Uno de esos materiales es el m\u00e1rmol sint\u00e9tico. Se trata de una resina de poli\u00e9ster saturada, transformada, que puede imitar al m\u00e1rmol en su apariencia y colores. B\u00e1sicamente, sus componentes son resinas con mezclas de m\u00e1rmol en polvo que, sometidas a un proceso qu\u00edmico e industrial, dan como resultado un producto moderno que se utiliza principalmente en mesadas para ba\u00f1os, cocinas y lavaderos.&nbsp;<\/p>\n<p>Tanto unas como otras \u201cson fabricadas con tres componentes principales: marmolina, resina de poli\u00e9ster y Gelcoat. El proceso de elaboraci\u00f3n consiste en aplicar el revestimiento de Gelcoat en el molde; luego, se rellena con la mezcla de diferentes marmolinas y con la resina de poli\u00e9ster. Se la deja secar un tiempo necesario, para que en ese lapso alcance la resistencia y consistencia necesaria\u201d, describen desde la f\u00e1brica MS Durafort.<\/p>\t\t\t\t\t\t<\/div>\n\t\t\t\t<\/div>\n\t\t\t\t\t<\/div>\n\t\t<\/div>\n\t\t\t\t<div class=\"elementor-column elementor-col-33 elementor-inner-column elementor-element elementor-element-30ca41f\" data-id=\"30ca41f\" data-element_type=\"column\">\n\t\t\t<div class=\"elementor-widget-wrap elementor-element-populated\">\n\t\t\t\t\t\t<div class=\"elementor-element elementor-element-d94c69c elementor-widget elementor-widget-spacer\" data-id=\"d94c69c\" data-element_type=\"widget\" data-widget_type=\"spacer.default\">\n\t\t\t\t<div class=\"elementor-widget-container\">\n\t\t\t\t\t<div class=\"elementor-spacer\">\n\t\t\t<div class=\"elementor-spacer-inner\"><\/div>\n\t\t<\/div>\n\t\t\t\t<\/div>\n\t\t\t\t<\/div>\n\t\t\t\t<div class=\"elementor-element elementor-element-e0246d1 elementor-widget elementor-widget-text-editor\" data-id=\"e0246d1\" data-element_type=\"widget\" data-widget_type=\"text-editor.default\">\n\t\t\t\t<div class=\"elementor-widget-container\">\n\t\t\t\t\t\t\t<p>Higiene y dise\u00f1o: Los especialistas de MS Durafort hacen hincapi\u00e9 en la principal ventaja del m\u00e1rmol sint\u00e9tico en mesadas, que es la protecci\u00f3n antibacteriana (Microban) aplicada, que garantiza una higiene eficaz en la superficie.\u00a0<\/p><p>Esta protecci\u00f3n inhibe la proliferaci\u00f3n de microorganismos y bacterias. Mantiene las superficies limpias por m\u00e1s tiempo y evita la formaci\u00f3n de manchas.\u00a0<\/p><p>A ello tambi\u00e9n contribuye la uniformidad del producto. La mesada integral y la bacha forman una sola pieza sin juntas, para que la ruptura de espacios no exista y quede marcada la pieza \u00fanica. Esto evita, adem\u00e1s, derrames y filtraciones. En el caso de las mesadas con bacha de acero, esta se encastra con el mismo material de la mesada, impidiendo que las partes se separen. De igual forma, tiene la propiedad de conseguir una diversidad de colores que se adaptan a cualquier estilo de ambientaci\u00f3n y dise\u00f1o.\u00a0<\/p><p>Finalmente, la consistencia del color es comparable a la de otros materiales, como la loza. Sin embargo, puede ser afectado por la exposici\u00f3n directa y constante a los rayos ultravioleta.<\/p>\t\t\t\t\t\t<\/div>\n\t\t\t\t<\/div>\n\t\t\t\t\t<\/div>\n\t\t<\/div>\n\t\t\t\t\t<\/div>\n\t\t<\/section>\n\t\t\t\t\t<\/div>\n\t\t<\/div>\n\t\t\t\t\t<\/div>\n\t\t<\/section>\n\t\t\t\t<section class=\"elementor-section elementor-top-section elementor-element elementor-element-c18c09b elementor-section-full_width elementor-section-height-full elementor-section-items-stretch elementor-section-content-middle elementor-section-height-default\" data-id=\"c18c09b\" data-element_type=\"section\" data-settings=\"{&quot;background_background&quot;:&quot;gradient&quot;}\">\n\t\t\t\t\t\t\t<div class=\"elementor-background-overlay\"><\/div>\n\t\t\t\t\t\t\t<div class=\"elementor-container elementor-column-gap-default\">\n\t\t\t\t\t<div class=\"elementor-column elementor-col-50 elementor-top-column elementor-element elementor-element-42d608a\" data-id=\"42d608a\" data-element_type=\"column\">\n\t\t\t<div class=\"elementor-widget-wrap\">\n\t\t\t\t\t\t\t<\/div>\n\t\t<\/div>\n\t\t\t\t<div class=\"elementor-column elementor-col-50 elementor-top-column elementor-element elementor-element-374201f\" data-id=\"374201f\" data-element_type=\"column\" data-settings=\"{&quot;background_background&quot;:&quot;classic&quot;}\">\n\t\t\t<div class=\"elementor-widget-wrap elementor-element-populated\">\n\t\t\t\t\t\t<div class=\"elementor-element elementor-element-04b0d3a elementor-widget elementor-widget-heading\" data-id=\"04b0d3a\" data-element_type=\"widget\" data-widget_type=\"heading.default\">\n\t\t\t\t<div class=\"elementor-widget-container\">\n\t\t\t<h4 class=\"elementor-heading-title elementor-size-medium\">Silestone<\/h4>\t\t<\/div>\n\t\t\t\t<\/div>\n\t\t\t\t<div class=\"elementor-element elementor-element-d2fafee elementor-widget-divider--view-line elementor-widget elementor-widget-divider\" data-id=\"d2fafee\" data-element_type=\"widget\" data-widget_type=\"divider.default\">\n\t\t\t\t<div class=\"elementor-widget-container\">\n\t\t\t\t\t<div class=\"elementor-divider\">\n\t\t\t<span class=\"elementor-divider-separator\">\n\t\t\t\t\t\t<\/span>\n\t\t<\/div>\n\t\t\t\t<\/div>\n\t\t\t\t<\/div>\n\t\t\t\t<div class=\"elementor-element elementor-element-df6718c elementor-widget elementor-widget-text-editor\" data-id=\"df6718c\" data-element_type=\"widget\" data-widget_type=\"text-editor.default\">\n\t\t\t\t<div class=\"elementor-widget-container\">\n\t\t\t\t\t\t\t<p>Est\u00e1 compuesto en un 94% de Cuarzo Natural, lo que le proporciona una dureza y una resistencia extraordinarias. Es una superficie excelente para encimeras de cocinas, ba\u00f1os, suelos y recubrimientos de paredes con m\u00ednimas juntas.\u00a0<span style=\"background-color: initial;\">Silestone es una marca registrada, propiedad del Grupo Cosentino, con la que se identifican superficies constructivas de gran formato compuestas predominantemente por cuarzo natural, que se utilizan principalmente en cocinas y ba\u00f1os dom\u00e9sticos como encimeras, suelos y recubrimientos de paredes, y que tambi\u00e9n encuentra uso en grandes proyectos como restaurantes, hoteles, aeropuertos. El producto comercializado Silestone es fabricado en exclusiva por la empresa espa\u00f1ola Grupo Cosentino.\u00a0<\/span><span style=\"background-color: initial;\">Silestone es Cuarzo Natural creado para la decoraci\u00f3n de cocinas y ba\u00f1os actuales a partir de un tratamiento que ofrece bellos y variados colores, extraordinarias texturas, y unas altas prestaciones.<\/span><\/p><p>Silestone es una superficie no porosa y altamente resistente a las manchas de caf\u00e9, vino, zumo de lim\u00f3n, aceite de oliva, vinagre, maquillaje y muchos otros productos de uso diario.\u00a0<span style=\"background-color: initial;\">La composici\u00f3n de m\u00e1s de un 90% de cuarzo natural hace posible la elevada dureza de las superficies Silestone.\u00a0<\/span><span style=\"background-color: initial;\">Las superficies Silestone se pueden limpiar directamente con jab\u00f3n y agua. No sen ve afectadas por los \u00e1cidos comunes de la cocina en el uso diario.\u00a0<\/span><span style=\"background-color: initial;\">La protecci\u00f3n bacteriost\u00e1tica Microban desarrollada por Grupo Cosentino para Silestone impide la proliferaci\u00f3n de bacterias.\u00a0<\/span>Dada la elevada dureza natural del cuarzo, Silestone presenta una alta resistencia al rayado<span style=\"background-color: initial;\">. Es un tratamiento especial sobre la superficie del material a nivel molecular que potencia sus prestaciones t\u00e9cnicas, haciendo que la limpieza y el mantenimiento de Silestone sean m\u00e1s f\u00e1ciles, y que se logren colores m\u00e1s intensos y con un mayor brillo.<\/span><\/p>\t\t\t\t\t\t<\/div>\n\t\t\t\t<\/div>\n\t\t\t\t\t<\/div>\n\t\t<\/div>\n\t\t\t\t\t<\/div>\n\t\t<\/section>\n\t\t\t\t<\/div>\n\t\t","protected":false},"excerpt":{"rendered":"<p>&#8211; COLORES Y TEXTURAS &#8211; Variedad en materiales Material principal Nuestro material principal es el laminado compacto y cuando se requiere hacemos laqueados. La variedad de colores y texturas responder\u00e1 a la idea del cliente. Desde texturas de madera, colores lisos cl\u00e1sicos y saturados hasta texturas textiles, con tonalidades exquisitas que siempre nos brindan una &hellip; <\/p>\n<p class=\"link-more\"><a href=\"https:\/\/amoblarargentina.com.ar\/index.php\/materiales\/\" class=\"more-link\">Segu\u00ed leyendo<span class=\"screen-reader-text\"> &#8220;Materiales&#8221;<\/span><\/a><\/p>\n","protected":false},"author":1,"featured_media":0,"parent":0,"menu_order":4,"comment_status":"closed","ping_status":"closed","template":"elementor_header_footer","meta":{"footnotes":""},"class_list":["post-114","page","type-page","status-publish","hentry"],"_links":{"self":[{"href":"https:\/\/amoblarargentina.com.ar\/index.php\/wp-json\/wp\/v2\/pages\/114"}],"collection":[{"href":"https:\/\/amoblarargentina.com.ar\/index.php\/wp-json\/wp\/v2\/pages"}],"about":[{"href":"https:\/\/amoblarargentina.com.ar\/index.php\/wp-json\/wp\/v2\/types\/page"}],"author":[{"embeddable":true,"href":"https:\/\/amoblarargentina.com.ar\/index.php\/wp-json\/wp\/v2\/users\/1"}],"replies":[{"embeddable":true,"href":"https:\/\/amoblarargentina.com.ar\/index.php\/wp-json\/wp\/v2\/comments?post=114"}],"version-history":[{"count":12,"href":"https:\/\/amoblarargentina.com.ar\/index.php\/wp-json\/wp\/v2\/pages\/114\/revisions"}],"predecessor-version":[{"id":431,"href":"https:\/\/amoblarargentina.com.ar\/index.php\/wp-json\/wp\/v2\/pages\/114\/revisions\/431"}],"wp:attachment":[{"href":"https:\/\/amoblarargentina.com.ar\/index.php\/wp-json\/wp\/v2\/media?parent=114"}],"curies":[{"name":"wp","href":"https:\/\/api.w.org\/{rel}","templated":true}]}}